{"id":68,"date":"2025-10-18T22:26:42","date_gmt":"2025-10-18T22:26:42","guid":{"rendered":"https:\/\/sioux.adv.br\/?page_id=68"},"modified":"2025-10-18T22:29:03","modified_gmt":"2025-10-18T22:29:03","slug":"direito-condominial-2","status":"publish","type":"page","link":"https:\/\/sioux.adv.br\/?page_id=68","title":{"rendered":"Direito Condominial"},"content":{"rendered":"\n<div class=\"wp-block-group alignfull is-style-section-1 has-global-padding is-layout-constrained wp-container-core-group-is-layout-cdf985e3 wp-block-group-is-layout-constrained is-style-section-1--1\" style=\"min-height:100vh;margin-top:0;margin-bottom:0;padding-top:var(--wp--preset--spacing--80);padding-right:var(--wp--preset--spacing--80);padding-bottom:var(--wp--preset--spacing--80);padding-left:var(--wp--preset--spacing--80)\">\n<div class=\"wp-block-columns alignwide are-vertically-aligned-center is-layout-flex wp-container-core-columns-is-layout-643ced6b wp-block-columns-is-layout-flex\">\n<div class=\"wp-block-column is-vertically-aligned-center is-layout-flow wp-block-column-is-layout-flow\">\n<div class=\"wp-block-group is-vertical is-content-justification-stretch is-layout-flex wp-container-core-group-is-layout-353c4f5a wp-block-group-is-layout-flex\">\n<h2 class=\"wp-block-heading has-text-align-left has-large-font-size\">A assessoria jur\u00eddica em <strong>Direito Condominial<\/strong> \u00e9 essencial para garantir a <strong>regularidade administrativa, a seguran\u00e7a jur\u00eddica e a harmonia na conviv\u00eancia entre cond\u00f4minos<\/strong>. Com uma atua\u00e7\u00e3o preventiva e resolutiva, o escrit\u00f3rio orienta s\u00edndicos, administradoras e condom\u00ednios em todas as demandas que envolvem <strong>gest\u00e3o, assembleias, contratos, obras e responsabilidades civis e penais<\/strong>, evitando lit\u00edgios e assegurando decis\u00f5es fundamentadas e transparentes.<\/h2>\n\n\n\n<p class=\"has-small-font-size\">&#8211; Consultoria jur\u00eddica cont\u00ednua para s\u00edndicos, administradoras e condom\u00ednios residenciais e comerciais;<\/p>\n\n\n\n<p class=\"has-small-font-size\"> &#8211; Elabora\u00e7\u00e3o e atualiza\u00e7\u00e3o de conven\u00e7\u00f5es condominiais, regimentos internos e regulamentos de obras;<\/p>\n\n\n\n<p class=\"has-small-font-size\">&#8211; Cobran\u00e7a administrativa e judicial de cotas condominiais;<\/p>\n\n\n\n<p class=\"has-small-font-size\">&#8211; Assessoria em assembleias, com pareceres e condu\u00e7\u00e3o jur\u00eddica de delibera\u00e7\u00f5es;<\/p>\n\n\n\n<p class=\"has-small-font-size\">&#8211; Anula\u00e7\u00e3o ou impugna\u00e7\u00e3o de assembleias e decis\u00f5es internas;<\/p>\n\n\n\n<p class=\"has-small-font-size\">&#8211; Defesa em responsabilidade civil e penal do s\u00edndico, em casos de omiss\u00e3o, acidentes ou falhas de gest\u00e3o;<\/p>\n\n\n\n<p class=\"has-small-font-size\">&#8211; Consultoria em contratos de manuten\u00e7\u00e3o, obras e servi\u00e7os;<\/p>\n\n\n\n<p class=\"has-small-font-size\">&#8211; Media\u00e7\u00e3o de conflitos entre cond\u00f4minos e orienta\u00e7\u00e3o sobre boa-f\u00e9 e conviv\u00eancia condominial.<\/p>\n<\/div>\n<\/div>\n<\/div>\n<\/div>\n","protected":false},"excerpt":{"rendered":"<p>A assessoria jur\u00eddica em Direito Condominial \u00e9 essencial para garantir a regularidade administrativa, a seguran\u00e7a jur\u00eddica e a harmonia na conviv\u00eancia entre cond\u00f4minos. Com uma atua\u00e7\u00e3o preventiva e resolutiva, o escrit\u00f3rio orienta s\u00edndicos, administradoras e condom\u00ednios em todas as demandas que envolvem gest\u00e3o, assembleias, contratos, obras e responsabilidades civis e penais, evitando lit\u00edgios e assegurando [&hellip;]<\/p>\n","protected":false},"author":1,"featured_media":0,"parent":0,"menu_order":0,"comment_status":"closed","ping_status":"closed","template":"","meta":{"footnotes":""},"class_list":["post-68","page","type-page","status-publish","hentry"],"_links":{"self":[{"href":"https:\/\/sioux.adv.br\/index.php?rest_route=\/wp\/v2\/pages\/68","targetHints":{"allow":["GET"]}}],"collection":[{"href":"https:\/\/sioux.adv.br\/index.php?rest_route=\/wp\/v2\/pages"}],"about":[{"href":"https:\/\/sioux.adv.br\/index.php?rest_route=\/wp\/v2\/types\/page"}],"author":[{"embeddable":true,"href":"https:\/\/sioux.adv.br\/index.php?rest_route=\/wp\/v2\/users\/1"}],"replies":[{"embeddable":true,"href":"https:\/\/sioux.adv.br\/index.php?rest_route=%2Fwp%2Fv2%2Fcomments&post=68"}],"version-history":[{"count":3,"href":"https:\/\/sioux.adv.br\/index.php?rest_route=\/wp\/v2\/pages\/68\/revisions"}],"predecessor-version":[{"id":72,"href":"https:\/\/sioux.adv.br\/index.php?rest_route=\/wp\/v2\/pages\/68\/revisions\/72"}],"wp:attachment":[{"href":"https:\/\/sioux.adv.br\/index.php?rest_route=%2Fwp%2Fv2%2Fmedia&parent=68"}],"curies":[{"name":"wp","href":"https:\/\/api.w.org\/{rel}","templated":true}]}}