{"id":76,"date":"2025-10-19T15:30:38","date_gmt":"2025-10-19T15:30:38","guid":{"rendered":"https:\/\/sioux.adv.br\/?page_id=76"},"modified":"2025-10-19T15:30:38","modified_gmt":"2025-10-19T15:30:38","slug":"direito-civil-responsabilidade-civil-e-direito-do-consumidor","status":"publish","type":"page","link":"https:\/\/sioux.adv.br\/?page_id=76","title":{"rendered":"Direito Civil, Responsabilidade Civil e Direito do Consumidor"},"content":{"rendered":"\n<div class=\"wp-block-cover alignfull is-light has-contrast-color has-text-color has-link-color wp-elements-ae8e15995383b34f7fb31a9e881f47f4\" style=\"margin-top:0;margin-bottom:0;padding-top:var(--wp--preset--spacing--60);padding-right:var(--wp--preset--spacing--50);padding-bottom:var(--wp--preset--spacing--60);padding-left:var(--wp--preset--spacing--50)\"><span aria-hidden=\"true\" class=\"wp-block-cover__background has-base-background-color has-background-dim-100 has-background-dim\"><\/span><div class=\"wp-block-cover__inner-container has-global-padding is-layout-constrained wp-container-core-cover-is-layout-873ee6b1 wp-block-cover-is-layout-constrained\">\n<div class=\"wp-block-columns alignwide is-layout-flex wp-container-core-columns-is-layout-7ee84d44 wp-block-columns-is-layout-flex\">\n<div class=\"wp-block-column is-layout-flow wp-block-column-is-layout-flow\" style=\"flex-basis:65%\">\n<div class=\"wp-block-group is-vertical is-content-justification-stretch is-layout-flex wp-container-core-group-is-layout-353c4f5a wp-block-group-is-layout-flex\">\n<p class=\"is-style-default has-medium-font-size\">A atua\u00e7\u00e3o em <strong>Direito Civil e do Consumidor<\/strong> \u00e9 essencial para <strong>proteger direitos, prevenir lit\u00edgios e assegurar equil\u00edbrio nas rela\u00e7\u00f5es jur\u00eddicas<\/strong> entre empresas e particulares. O escrit\u00f3rio oferece defesa t\u00e9cnica e consultoria estrat\u00e9gica em contratos, indeniza\u00e7\u00f5es e rela\u00e7\u00f5es de consumo, atuando de forma <strong>preventiva e resolutiva<\/strong> para garantir <strong>transpar\u00eancia, seguran\u00e7a jur\u00eddica e repara\u00e7\u00e3o de preju\u00edzos<\/strong> em demandas complexas. Oferecendo os seguintes servi\u00e7os:<\/p>\n\n\n\n<p class=\"has-small-font-size\">&#8211; Elabora\u00e7\u00e3o e revis\u00e3o de contratos civis e comerciais; <\/p>\n\n\n\n<p class=\"has-small-font-size\">A\u00e7\u00f5es de indeniza\u00e7\u00e3o por danos materiais, morais e est\u00e9ticos;<\/p>\n\n\n\n<p class=\"has-small-font-size\">&#8211; Consultoria e defesa em rela\u00e7\u00f5es de consumo complexas; Execu\u00e7\u00f5es contratuais e cobran\u00e7as judiciais e extrajudiciais;<\/p>\n\n\n\n<p class=\"has-small-font-size\">&#8211; Media\u00e7\u00e3o e negocia\u00e7\u00e3o de conflitos contratuais e extrajudiciais;<\/p>\n\n\n\n<p class=\"has-small-font-size\">&#8211; Pareceres t\u00e9cnicos sobre responsabilidade civil e riscos jur\u00eddicos;<\/p>\n\n\n\n<p class=\"has-small-font-size\">&#8211; Atua\u00e7\u00e3o para empresas e consumidores, com foco em transpar\u00eancia e equil\u00edbrio contratual.<\/p>\n<\/div>\n<\/div>\n\n\n\n<div class=\"wp-block-column is-layout-flow wp-block-column-is-layout-flow\" style=\"flex-basis:35%\">\n<div class=\"wp-block-group is-vertical is-content-justification-stretch is-nowrap is-layout-flex wp-container-core-group-is-layout-73b0033c wp-block-group-is-layout-flex\">\n<figure class=\"wp-block-image size-full\"><img fetchpriority=\"high\" decoding=\"async\" width=\"270\" height=\"275\" src=\"https:\/\/sioux.adv.br\/wp-content\/uploads\/2025\/10\/AS-MARCA-D-AGUA-CINZA-3.png\" alt=\"\" class=\"wp-image-77\" style=\"aspect-ratio:3\/4;object-fit:cover\"\/><\/figure>\n\n\n\n<p class=\"has-text-align-right is-style-default has-x-large-font-size\" style=\"line-height:1.2\"><a href=\"https:\/\/www.instagram.com\/sioux.adv\/\">Instagram<\/a><br><a href=\"https:\/\/www.linkedin.com\/in\/alanasioux\/\">LinkedIn<br><\/a><a href=\"https:\/\/wa.me\/5521977248239\">WhatsApp<\/a><\/p>\n<\/div>\n<\/div>\n<\/div>\n<\/div><\/div>\n","protected":false},"excerpt":{"rendered":"","protected":false},"author":1,"featured_media":0,"parent":0,"menu_order":0,"comment_status":"closed","ping_status":"closed","template":"","meta":{"footnotes":""},"class_list":["post-76","page","type-page","status-publish","hentry"],"_links":{"self":[{"href":"https:\/\/sioux.adv.br\/index.php?rest_route=\/wp\/v2\/pages\/76","targetHints":{"allow":["GET"]}}],"collection":[{"href":"https:\/\/sioux.adv.br\/index.php?rest_route=\/wp\/v2\/pages"}],"about":[{"href":"https:\/\/sioux.adv.br\/index.php?rest_route=\/wp\/v2\/types\/page"}],"author":[{"embeddable":true,"href":"https:\/\/sioux.adv.br\/index.php?rest_route=\/wp\/v2\/users\/1"}],"replies":[{"embeddable":true,"href":"https:\/\/sioux.adv.br\/index.php?rest_route=%2Fwp%2Fv2%2Fcomments&post=76"}],"version-history":[{"count":1,"href":"https:\/\/sioux.adv.br\/index.php?rest_route=\/wp\/v2\/pages\/76\/revisions"}],"predecessor-version":[{"id":78,"href":"https:\/\/sioux.adv.br\/index.php?rest_route=\/wp\/v2\/pages\/76\/revisions\/78"}],"wp:attachment":[{"href":"https:\/\/sioux.adv.br\/index.php?rest_route=%2Fwp%2Fv2%2Fmedia&parent=76"}],"curies":[{"name":"wp","href":"https:\/\/api.w.org\/{rel}","templated":true}]}}