{"id":83,"date":"2025-10-19T15:46:03","date_gmt":"2025-10-19T15:46:03","guid":{"rendered":"https:\/\/sioux.adv.br\/?page_id=83"},"modified":"2025-10-19T15:46:23","modified_gmt":"2025-10-19T15:46:23","slug":"83-2","status":"publish","type":"page","link":"https:\/\/sioux.adv.br\/?page_id=83","title":{"rendered":"Direito Empresarial"},"content":{"rendered":"\n<div class=\"wp-block-group alignfull is-style-section-1 has-global-padding is-layout-constrained wp-container-core-group-is-layout-cdf985e3 wp-block-group-is-layout-constrained is-style-section-1--1\" style=\"min-height:100vh;margin-top:0;margin-bottom:0;padding-top:var(--wp--preset--spacing--80);padding-right:var(--wp--preset--spacing--80);padding-bottom:var(--wp--preset--spacing--80);padding-left:var(--wp--preset--spacing--80)\">\n<div class=\"wp-block-columns alignwide are-vertically-aligned-center is-layout-flex wp-container-core-columns-is-layout-643ced6b wp-block-columns-is-layout-flex\">\n<div class=\"wp-block-column is-vertically-aligned-center is-layout-flow wp-block-column-is-layout-flow\">\n<figure class=\"wp-block-image aligncenter size-full has-custom-border\"><img fetchpriority=\"high\" decoding=\"async\" width=\"297\" height=\"260\" src=\"https:\/\/sioux.adv.br\/wp-content\/uploads\/2025\/10\/MARCA-D-AGUA-SEGUNDARIA-BORDO-Copia-5.png\" alt=\"\" class=\"wp-image-84\" style=\"border-top-left-radius:150px;border-bottom-right-radius:150px;object-fit:cover\"\/><\/figure>\n<\/div>\n\n\n\n<div class=\"wp-block-column is-vertically-aligned-center is-layout-flow wp-block-column-is-layout-flow\">\n<div class=\"wp-block-group is-vertical is-content-justification-stretch is-layout-flex wp-container-core-group-is-layout-353c4f5a wp-block-group-is-layout-flex\">\n<h2 class=\"wp-block-heading has-text-align-left has-medium-font-size\">A assessoria em <strong>Direito Empresarial<\/strong> \u00e9 essencial para garantir <strong>seguran\u00e7a, organiza\u00e7\u00e3o e sustentabilidade jur\u00eddica<\/strong> \u00e0s empresas em todas as fases de sua atividade. O escrit\u00f3rio atua de forma <strong>consultiva, preventiva e contenciosa<\/strong>, orientando sociedades empres\u00e1rias, construtoras, incorporadoras e administradoras em decis\u00f5es estrat\u00e9gicas, contratos, estrutura societ\u00e1ria e planejamento patrimonial. A advocacia empresarial \u00e9 conduzida com foco em <strong>mitiga\u00e7\u00e3o de riscos, conformidade legal e fortalecimento das rela\u00e7\u00f5es comerciais<\/strong>, assegurando que cada opera\u00e7\u00e3o seja juridicamente s\u00f3lida e alinhada aos objetivos do neg\u00f3cio.<\/h2>\n\n\n\n<p class=\"has-small-font-size\">&#8211; Constitui\u00e7\u00e3o, altera\u00e7\u00e3o e dissolu\u00e7\u00e3o de sociedades;<\/p>\n\n\n\n<p class=\"has-small-font-size\">&#8211; Elabora\u00e7\u00e3o e revis\u00e3o de contratos empresariais, acordos de s\u00f3cios e atas societ\u00e1rias;<\/p>\n\n\n\n<p class=\"has-small-font-size\">&#8211; Planejamento patrimonial e sucess\u00f3rio empresarial;<\/p>\n\n\n\n<p class=\"has-small-font-size\">&#8211; Consultoria em compliance, governan\u00e7a e mitiga\u00e7\u00e3o de riscos;<\/p>\n\n\n\n<p class=\"has-small-font-size\">&#8211; Atua\u00e7\u00e3o em cobran\u00e7as, execu\u00e7\u00f5es e revis\u00f5es contratuais;<\/p>\n\n\n\n<p class=\"has-small-font-size\">&#8211; Elabora\u00e7\u00e3o de pareceres estrat\u00e9gicos e pol\u00edticas internas;<\/p>\n\n\n\n<p class=\"has-small-font-size\">&#8211; Assessoria jur\u00eddica em opera\u00e7\u00f5es comerciais, parcerias e franquias;<\/p>\n\n\n\n<p class=\"has-small-font-size\">&#8211; Consultoria para empresas da constru\u00e7\u00e3o civil, incorporadoras e administradoras.<\/p>\n<\/div>\n<\/div>\n<\/div>\n<\/div>\n","protected":false},"excerpt":{"rendered":"<p>A assessoria em Direito Empresarial \u00e9 essencial para garantir seguran\u00e7a, organiza\u00e7\u00e3o e sustentabilidade jur\u00eddica \u00e0s empresas em todas as fases de sua atividade. O escrit\u00f3rio atua de forma consultiva, preventiva e contenciosa, orientando sociedades empres\u00e1rias, construtoras, incorporadoras e administradoras em decis\u00f5es estrat\u00e9gicas, contratos, estrutura societ\u00e1ria e planejamento patrimonial. A advocacia empresarial \u00e9 conduzida com foco [&hellip;]<\/p>\n","protected":false},"author":1,"featured_media":0,"parent":0,"menu_order":0,"comment_status":"closed","ping_status":"closed","template":"","meta":{"footnotes":""},"class_list":["post-83","page","type-page","status-publish","hentry"],"_links":{"self":[{"href":"https:\/\/sioux.adv.br\/index.php?rest_route=\/wp\/v2\/pages\/83","targetHints":{"allow":["GET"]}}],"collection":[{"href":"https:\/\/sioux.adv.br\/index.php?rest_route=\/wp\/v2\/pages"}],"about":[{"href":"https:\/\/sioux.adv.br\/index.php?rest_route=\/wp\/v2\/types\/page"}],"author":[{"embeddable":true,"href":"https:\/\/sioux.adv.br\/index.php?rest_route=\/wp\/v2\/users\/1"}],"replies":[{"embeddable":true,"href":"https:\/\/sioux.adv.br\/index.php?rest_route=%2Fwp%2Fv2%2Fcomments&post=83"}],"version-history":[{"count":2,"href":"https:\/\/sioux.adv.br\/index.php?rest_route=\/wp\/v2\/pages\/83\/revisions"}],"predecessor-version":[{"id":86,"href":"https:\/\/sioux.adv.br\/index.php?rest_route=\/wp\/v2\/pages\/83\/revisions\/86"}],"wp:attachment":[{"href":"https:\/\/sioux.adv.br\/index.php?rest_route=%2Fwp%2Fv2%2Fmedia&parent=83"}],"curies":[{"name":"wp","href":"https:\/\/api.w.org\/{rel}","templated":true}]}}